mine n(12).
-97
Let g(a) = -a**2 - 4*a - 13. Determine g(-4).
-13
Let l(u) = u**3 + 12*u**2 + 29*u + 1. What is l(-3)?
-5
Let d(j) = j**3 + 14*j**2 + 44*j - 4. Calculate d(-9).
5
Let b(o) = 18*o**2 - 10*o - 21. Give b(-3).
171
Let r(h) = -118*h + 1303. Give r(11).
5
Let o(w) = -w**2 + 34*w + 1012. Calculate o(-19).
5
Let u(p) = -p**2 - 8*p + 1. What is u(-10)?
-19
Let r(p) = -p - 10. Calculate r(-6).
-4
Let o(v) = -v + 6. What is o(4)?
2
Let o(c) = c**3 - 7*c**2 - 8*c - 5. Calculate o(8).
-5
Let d(k) = -k**3 - 8*k**2 - 8*k - 8. Determine d(-7).
-1
Let p(b) = 5*b - 43. What is p(7)?
-8
Let x(l) = -2*l + 10. Give x(8).
-6
Let q(p) = p**3 - 17*p + 2. Determine q(4).
-2
Let y(p) = 12*p**2 + p + 72. Calculate y(0).
72
Let w(g) = 103*g + 2. Give w(0).
2
Let q(l) = l**2 + 14*l - 18. Give q(-13).
-31
Let j(m) = 2*m**2 + 10*m - 6. Give j(-5).
-6
Let d(m) = 91*m - 273. Determine d(3).
0
Let b(l) = -l**3 + 4*l**2 + 13*l + 7. What is b(-2)?
5
Let f(y) = y**3 + 7*y**2 + 8. Give f(-7).
8
Let r(n) = 2*n**2 + 11*n + 7. What is r(-7)?
28
Let h(y) = y**3 + 2*y**2 - 6*y + 10. Calculate h(-5).
-35
Let f(x) = -x**3 - 12*x**2 - 3*x + 16. Determine f(-12).
52
Let s(a) = 26*a**2 + 1. Calculate s(1).
27
Let o(w) = -w**2 - 15*w - 39. What is o(-10)?
11
Let o(s) = s**3 + 23*s**2 - 23*s + 31. Give o(-24).
7
Let c(q) = -q**3 + 7*q**2 - 8*q + 5. Calculate c(7).
-51
Let x(g) = g**2 - 16*g + 18. Give x(17).
35
Let m(g) = -g**2 + 3*g + 9. Give m(8).
-31
Let d(r) = r**3 + 5*r**2 - 8*r - 40. Determine d(-4).
8
Let j(p) = p**2 - 53*p + 6. Give j(0).
6
Let y(r) = r**3 - 28*r**2 + 150*r - 11. Give y(7).
10
Let d(s) = -13*s + 4. Calculate d(3).
-35
Let o(k) = k**3 - 6*k**2 - 6*k - 2. What is o(7)?
5
Let q(l) = l**3 + 3*l**2 - 24*l - 12. Determine q(4).
4
Let g(y) = -y**2 + 6*y + 12. Give g(7).
5
Let o(r) = -4*r + 71. Calculate o(19).
-5
Let g(j) = 3*j**2 + 5*j - 7. Determine g(2).
15
Let v(t) = -2*t - 48. Give v(-22).
-4
Let d(o) = o**3 - 16*o**2 + 16*o - 16. What is d(15)?
-1
Let w(o) = o - 14. Determine w(-6).
-20
Let r(h) = 8*h - 37. What is r(8)?
27
Let d(y) = 2*y + 16. Calculate d(-8).
0
Let x(i) = i**3 + 5*i**2 - 6*i - 3. Give x(-6).
-3
Let h(y) = -y**2 - 10*y - 8. Determine h(-7).
13
Let n(v) = -2*v**2 + 4*v + 4. What is n(4)?
-12
Let r(o) = -o + 10. Give r(19).
-9
Let l(d) = -4*d**3 + 6*d**2 - 5. Determine l(2).
-13
Let a(n) = -7*n - 2. Calculate a(-2).
12
Let s(a) = 3*a**2 - 2*a - 3. Determine s(-1).
2
Let w(b) = b**3 - 19*b**2 + 17*b + 19. Give w(18).
1
Let t(w) = 2*w**2 - 32*w - 2. Calculate t(16).
-2
Let u(y) = -y**2 - 11*y + 42. Give u(-15).
-18
Let k(z) = z**3 - 8*z**2 + 2*z - 31. Give k(9).
68
Let h(z) = -z**2 - 1. Give h(2).
-5
Let g(d) = 2*d**3 - 19*d**2 - 12*d + 20. Determine g(10).
0
Let s(a) = a**3 + 9*a**2 - 13*a - 9. Calculate s(-10).
21
Let t(a) = 2*a**2 + 2*a + 7. What is t(5)?
67
Let n(c) = c**2 - 11*c - 316. Calculate n(-13).
-4
Let j(q) = -q**3 - 27*q**2 + 56*q - 62. Determine j(-29).
-4
Let x(m) = m + 15. Calculate x(-6).
9
Let y(i) = 4*i**3 + i**2 + 2*i - 1. Calculate y(2).
39
Let v(i) = -101*i - 596. Determine v(-6).
10
Let i(k) = k**2 - 4*k - 7. Determine i(8).
25
Let m(j) = -9*j - 2. Calculate m(3).
-29
Let g(n) = -4*n - 4. Calculate g(7).
-32
Let j(k) = k**2 + 7*k + 9. Determine j(-8).
17
Let z(x) = x**2 + 5*x - 3. Calculate z(-4).
-7
Let t(g) = g**2 + 4*g - 15. Determine t(-4).
-15
Let v(f) = -4*f**2 - 3*f + 11. Calculate v(2).
-11
Let x(i) = -2*i + 1. What is x(10)?
-19
Let o(j) = 50*j**2 - 12*j + 11. Determine o(1).
49
Let m(d) = d**3 - 4*d**2 + 2*d. What is m(3)?
-3
Let g(h) = h**2 + 23*h + 35. Determine g(-17).
-67
Let j(n) = 6*n - 9. What is j(-10)?
-69
Let t(j) = -j**2 - 2*j. Determine t(-5).
-15
Let q(v) = 3*v**2 - 2*v - 9. Determine q(-5).
76
Let r(l) = -2*l**3 - 8*l**2 + 6*l + 9. What is r(-5)?
29
Let u(n) = n**3 + 4*n**2 - 3*n - 4. Determine u(-2).
10
Let p(i) = 2*i**2 + 62*i + 55. Calculate p(-30).
-5
Let i(o) = -o**2 + 34*o - 194. Give i(7).
-5
Let p(y) = -5*y. Calculate p(2).
-10
Let s(v) = v**2 + 15*v + 45. Determine s(-12).
9
Let h(q) = -q**3 + 20*q**2 - q + 18. Determine h(20).
-2
Let i(d) = 13*d**2 - d + 1. Give i(1).
13
Let l(r) = r**3 - 3*r - 9. What is l(0)?
-9
Let b(y) = -38*y + 1. Give b(0).
1
Let m(r) = -r**2 + 8*r + 1. Calculate m(4).
17
Let f(g) = 5*g + 11. Calculate f(13).
76
Let z(q) = 2*q + 7. Calculate z(-9).
-11
Let b(k) = k**3 - 11*k**2 + 14*k - 15. Calculate b(10).
25
Let t(u) = u**3 - 32*u**2 - 30*u - 89. Calculate t(33).
10
Let d(h) = h**3 - 11*h**2 - 3*h - 4. Calculate d(11).
-37
Let b(u) = 53*u + 164. Determine b(-3).
5
Let b(i) = -3*i**2 + 89*i - 43. Give b(29).
15
Let p(d) = -16*d - 68. What is p(-5)?
12
Let j(b) = -43*b. Determine j(-1).
43
Let u(n) = 15*n - 17. Determine u(-4).
-77
Let b(g) = 4*g + 71. Calculate b(-14).
15
Let a(d) = -d**3 - 28*d**2 - 25*d - 18. What is a(-27)?
-72
Let x(l) = 12*l - 54. What is x(5)?
6
Let b(d) = -d + 6. Determine b(13).
-7
Let o(j) = 4*j + 16. What is o(-7)?
-12
Let k(y) = y**3 - y**2 - 2*y + 16. Calculate k(0).
16
Let l(b) = -45*b. Determine l(1).
-45
Let t(p) = -p**2 + 10*p - 5. Give t(8).
11
Let z(c) = 2*c + 63. Determine z(-34).
-5
Let r(m) = 5*m**3 - 2*m**2 + 6*m - 4. Determine r(1).
5
Let u(v) = -v**3 - 5*v**2 + 4. Give u(-4).
-12
Let m(d) = -d**3 - 17*d**2 + 16*d - 38. Calculate m(-18).
-2
Let q(l) = -l**3 - 15*l**2 - 52*l + 11. Give q(-9).
-7
Let z(y) = 3*y**2 - 18*y + 11. Determine z(5).
-4
Let i(f) = -f**3 - 12*f**2 + 13*f + 3. What is i(-13)?
3
Let m(i) = i**3 - 6*i**2 + 2*i + 4. What is m(4)?
-20
Let q(s) = -2*s**2 - 3*s - 5. Give q(-6).
-59
Let q(v) = v**2 - 31*v + 66. Determine q(29).
8
Let g(c) = 7*c - 19. What is g(7)?
30
Let m(r) = -r**2 - r + 2. What is m(-2)?
0
Let i(p) = 3*p - 2. Determine i(2).
4
Let y(g) = -2*g**2 + 56*g - 14. Give y(25).
136
Let w(v) = -v**3 - 5*v**2 + 2*v - 8. Calculate w(-6).
16
Let z(a) = 2*a**2 - 2*a + 7. Determine z(3).
19
Let j(y) = y**3 - 4*y**2 - 7*y + 12. Calculate j(5).
2
Let h(g) = g**2 + 32*g + 73. What is h(-28)?
-39
Let n(i) = i - 4. Calculate n(-2).
-6
Let i(f) = 9*f - 1. What is i(-1)?
-10
Let q(j) = j**3 + 11*j**2 + 10*j - 6. Determine q(-10).
-6
Let p(h) = 2*h**2 + 15*h - 8. What is p(-11)?
69
Let r(z) = 2*z + 1. Determine r(-2).
-3
Let r(m) = 2*m - 8. Determine r(12).
16
Let z(k) = -2*k + 55. Give z(26).
3
Let b(s) = -8*s - 36. What is b(15)?
-156
Let p(u) = -58*u - 4. Calculate p(2).
-120
Let p(a) = 7*a - 64. Give p(11).
13
Let u(m) = -m + 19. What is u(13)?
6
Let c(h) = 2*h**2 - 10*h - 6. Give c(6).
6
Let v(d) = -d**3 + d**2 + 4. Give v(0).
4
Let d(y) = y**3 - 12*y**2 - 13. What is d(12)?
-13
Let g(j) = 7*j + 72. Determine g(-10).
2
Let k(l) = -3*l**2 - 5*l - 15. Determine k(-4).
-43
Let a(v) = -v**2 + 6*v + 13. Give a(9).
-14
Let u(i) = i**2 + 7*i - 8. Give u(-9).
10
Let g(w) = -6*w**2 - 5*w + 4. Give g(1).
-7
Let x(z) = z - 7. Determine x(-5).
-12
Let a(t) = -t**3 - 5*t**2 - 10*t - 10. Calculate a(-2).
-2
Let p(j) = -j**3 - j**2 + 13*j + 8. Give p(-4).
4
Let v(t) = -2*t**3 + 54*t**2. Determine v(27).
0
Let m(k) = k + 6. Determine m(5).
11
Let r(n) = -n**3 + 10*n**2 + 11*n - 13. Determine r(11).
-13
Let r(m) = -3*m - 22. Give r(-8).
2
Let d(x) = -2*x - 14. Determine d(-2).
-10
Let b(s) = 2*s + 32. Determine b(-5).
22
Let g(p) = p**3 - 4*p**2 - 6*p + 4. Calculate g(5).
-1
Let j(b) = -5*b**2 + 10*b - 14. Give j(3).
-29
Let i(k) = k**3 + 3*k**2 - 4*k + 1. Calculate i(-4).
1
Let z(u) = u**2 + 10*u - 20. What is z(-6)?
-44
Let q(s) = -s**2 + 37*s + 166. Give q(41).
2
Let f(x) = -x**2 + 8*x + 11. What is f(8)?
11
Let i(h) = 3*h**2 - 3*h + 5. Give i(1).
5
Let n(h) = -5*h**2 + 3*h + 3. Determine n(-1).
-5
Let k(v) = -v**3 - 18*v**2 + 30*v + 47. Give k(-19).
-162
Let c(g) = g**3 + 13*g**2 + 11*g - 6. Give c(-12).
6
Let l(c) = c**3 - 3*c + 4. What is l(-3)?
-14
Let s(i) = 2*i + 24. Determine s(-11).
2
Let d(h) = 7*h + 27. Determine d(-5).
-8
Let h(o) = -46*o. Determine h(-1).
46
Let x(o) = -o**2 + 11*o - 21. Calculate x(7).
7
Let m(x) = -x**3 - 10*x**2 - 8*x - 7. What is m(-9)?
-16
Let o(h) = -3*h + 30. Determine o(15).
-15
Let a(d) = -d**2 - 17*d - 19. Give a(-16).
-3
Let r(j) = -j**3 + 15*j**2 + 16*j - 1. Determine r(16).
-1
Let f(l) = l**2 + 11*l - 20. Give f(-11).
-20
Let u(f) = -4*f - 10. Calculate u(-4).
6
Let u(